{"id":2718,"date":"2019-11-06T10:28:09","date_gmt":"2019-11-06T15:28:09","guid":{"rendered":"https:\/\/crise.ca\/?post_type=projet&#038;p=2718"},"modified":"2019-11-06T10:28:10","modified_gmt":"2019-11-06T15:28:10","slug":"evaluation-de-la-grille-destimation-de-la-dangerosite-du-passage-a-lacte-suicidaire-et-de-la-formation-en-prevention-du-suicide-a-laide-des-bonnes-pratiques-2","status":"publish","type":"projet","link":"https:\/\/crise.ca\/en\/projet\/evaluation-de-la-grille-destimation-de-la-dangerosite-du-passage-a-lacte-suicidaire-et-de-la-formation-en-prevention-du-suicide-a-laide-des-bonnes-pratiques-2\/","title":{"rendered":"\u00c9valuation de la grille d\u2019estimation de la dangerosit\u00e9 du passage \u00e0 l\u2019acte suicidaire et de la formation en pr\u00e9vention du suicide \u00e0 l\u2019aide des bonnes pratiques"},"content":{"rendered":"","protected":false},"featured_media":0,"template":"","axe":[52],"class_list":["post-2718","projet","type-projet","status-publish","hentry","axe-axe-2-interventions-pour-prevenir-le-suicide-et-ses-consequences-en"],"acf":[],"yoast_head":"<!-- This site is optimized with the Yoast SEO plugin v27.5 - https:\/\/yoast.com\/product\/yoast-seo-wordpress\/ -->\n<title>\u00c9valuation de la grille d\u2019estimation de la dangerosit\u00e9 du passage \u00e0 l\u2019acte suicidaire et de la formation en pr\u00e9vention du suicide \u00e0 l\u2019aide des bonnes pratiques - CRISE - UQAM<\/title>\n<meta name=\"robots\" content=\"index, follow, max-snippet:-1, max-image-preview:large, max-video-preview:-1\" \/>\n<link rel=\"canonical\" href=\"https:\/\/crise.ca\/en\/projet\/evaluation-de-la-grille-destimation-de-la-dangerosite-du-passage-a-lacte-suicidaire-et-de-la-formation-en-prevention-du-suicide-a-laide-des-bonnes-pratiques-2\/\" \/>\n<meta property=\"og:locale\" content=\"en_US\" \/>\n<meta property=\"og:type\" content=\"article\" \/>\n<meta property=\"og:title\" content=\"\u00c9valuation de la grille d\u2019estimation de la dangerosit\u00e9 du passage \u00e0 l\u2019acte suicidaire et de la formation en pr\u00e9vention du suicide \u00e0 l\u2019aide des bonnes pratiques - CRISE - UQAM\" \/>\n<meta property=\"og:url\" content=\"https:\/\/crise.ca\/en\/projet\/evaluation-de-la-grille-destimation-de-la-dangerosite-du-passage-a-lacte-suicidaire-et-de-la-formation-en-prevention-du-suicide-a-laide-des-bonnes-pratiques-2\/\" \/>\n<meta property=\"og:site_name\" content=\"CRISE\" \/>\n<meta property=\"article:modified_time\" content=\"2019-11-06T15:28:10+00:00\" \/>\n<meta name=\"twitter:card\" content=\"summary_large_image\" \/>\n<script type=\"application\/ld+json\" class=\"yoast-schema-graph\">{\"@context\":\"https:\\\/\\\/schema.org\",\"@graph\":[{\"@type\":\"WebPage\",\"@id\":\"https:\\\/\\\/crise.ca\\\/en\\\/projet\\\/evaluation-de-la-grille-destimation-de-la-dangerosite-du-passage-a-lacte-suicidaire-et-de-la-formation-en-prevention-du-suicide-a-laide-des-bonnes-pratiques-2\\\/\",\"url\":\"https:\\\/\\\/crise.ca\\\/en\\\/projet\\\/evaluation-de-la-grille-destimation-de-la-dangerosite-du-passage-a-lacte-suicidaire-et-de-la-formation-en-prevention-du-suicide-a-laide-des-bonnes-pratiques-2\\\/\",\"name\":\"\u00c9valuation de la grille d\u2019estimation de la dangerosit\u00e9 du passage \u00e0 l\u2019acte suicidaire et de la formation en pr\u00e9vention du suicide \u00e0 l\u2019aide des bonnes pratiques - CRISE - UQAM\",\"isPartOf\":{\"@id\":\"https:\\\/\\\/crise.ca\\\/en\\\/#website\"},\"datePublished\":\"2019-11-06T15:28:09+00:00\",\"dateModified\":\"2019-11-06T15:28:10+00:00\",\"breadcrumb\":{\"@id\":\"https:\\\/\\\/crise.ca\\\/en\\\/projet\\\/evaluation-de-la-grille-destimation-de-la-dangerosite-du-passage-a-lacte-suicidaire-et-de-la-formation-en-prevention-du-suicide-a-laide-des-bonnes-pratiques-2\\\/#breadcrumb\"},\"inLanguage\":\"en-CA\",\"potentialAction\":[{\"@type\":\"ReadAction\",\"target\":[\"https:\\\/\\\/crise.ca\\\/en\\\/projet\\\/evaluation-de-la-grille-destimation-de-la-dangerosite-du-passage-a-lacte-suicidaire-et-de-la-formation-en-prevention-du-suicide-a-laide-des-bonnes-pratiques-2\\\/\"]}]},{\"@type\":\"BreadcrumbList\",\"@id\":\"https:\\\/\\\/crise.ca\\\/en\\\/projet\\\/evaluation-de-la-grille-destimation-de-la-dangerosite-du-passage-a-lacte-suicidaire-et-de-la-formation-en-prevention-du-suicide-a-laide-des-bonnes-pratiques-2\\\/#breadcrumb\",\"itemListElement\":[{\"@type\":\"ListItem\",\"position\":1,\"name\":\"UQAM\",\"item\":\"https:\\\/\\\/uqam.ca\"},{\"@type\":\"ListItem\",\"position\":2,\"name\":\"CRISE\",\"item\":\"https:\\\/\\\/crise.ca\\\/en\\\/\"},{\"@type\":\"ListItem\",\"position\":3,\"name\":\"Projets\",\"item\":\"https:\\\/\\\/crise.ca\\\/projet\\\/\"},{\"@type\":\"ListItem\",\"position\":4,\"name\":\"\u00c9valuation de la grille d\u2019estimation de la dangerosit\u00e9 du passage \u00e0 l\u2019acte suicidaire et de la formation en pr\u00e9vention du suicide \u00e0 l\u2019aide des bonnes pratiques\"}]},{\"@type\":\"WebSite\",\"@id\":\"https:\\\/\\\/crise.ca\\\/en\\\/#website\",\"url\":\"https:\\\/\\\/crise.ca\\\/en\\\/\",\"name\":\"CRISE\",\"description\":\"Centre de recherche en pr\u00e9vention du suicide situ\u00e9 \u00e0 l&#039;Universit\u00e9 du Qu\u00e9bec \u00e0 Montr\u00e9al\",\"potentialAction\":[{\"@type\":\"SearchAction\",\"target\":{\"@type\":\"EntryPoint\",\"urlTemplate\":\"https:\\\/\\\/crise.ca\\\/en\\\/?s={search_term_string}\"},\"query-input\":{\"@type\":\"PropertyValueSpecification\",\"valueRequired\":true,\"valueName\":\"search_term_string\"}}],\"inLanguage\":\"en-CA\"}]}<\/script>\n<!-- \/ Yoast SEO plugin. -->","yoast_head_json":{"title":"\u00c9valuation de la grille d\u2019estimation de la dangerosit\u00e9 du passage \u00e0 l\u2019acte suicidaire et de la formation en pr\u00e9vention du suicide \u00e0 l\u2019aide des bonnes pratiques - CRISE - UQAM","robots":{"index":"index","follow":"follow","max-snippet":"max-snippet:-1","max-image-preview":"max-image-preview:large","max-video-preview":"max-video-preview:-1"},"canonical":"https:\/\/crise.ca\/en\/projet\/evaluation-de-la-grille-destimation-de-la-dangerosite-du-passage-a-lacte-suicidaire-et-de-la-formation-en-prevention-du-suicide-a-laide-des-bonnes-pratiques-2\/","og_locale":"en_US","og_type":"article","og_title":"\u00c9valuation de la grille d\u2019estimation de la dangerosit\u00e9 du passage \u00e0 l\u2019acte suicidaire et de la formation en pr\u00e9vention du suicide \u00e0 l\u2019aide des bonnes pratiques - CRISE - UQAM","og_url":"https:\/\/crise.ca\/en\/projet\/evaluation-de-la-grille-destimation-de-la-dangerosite-du-passage-a-lacte-suicidaire-et-de-la-formation-en-prevention-du-suicide-a-laide-des-bonnes-pratiques-2\/","og_site_name":"CRISE","article_modified_time":"2019-11-06T15:28:10+00:00","twitter_card":"summary_large_image","schema":{"@context":"https:\/\/schema.org","@graph":[{"@type":"WebPage","@id":"https:\/\/crise.ca\/en\/projet\/evaluation-de-la-grille-destimation-de-la-dangerosite-du-passage-a-lacte-suicidaire-et-de-la-formation-en-prevention-du-suicide-a-laide-des-bonnes-pratiques-2\/","url":"https:\/\/crise.ca\/en\/projet\/evaluation-de-la-grille-destimation-de-la-dangerosite-du-passage-a-lacte-suicidaire-et-de-la-formation-en-prevention-du-suicide-a-laide-des-bonnes-pratiques-2\/","name":"\u00c9valuation de la grille d\u2019estimation de la dangerosit\u00e9 du passage \u00e0 l\u2019acte suicidaire et de la formation en pr\u00e9vention du suicide \u00e0 l\u2019aide des bonnes pratiques - CRISE - UQAM","isPartOf":{"@id":"https:\/\/crise.ca\/en\/#website"},"datePublished":"2019-11-06T15:28:09+00:00","dateModified":"2019-11-06T15:28:10+00:00","breadcrumb":{"@id":"https:\/\/crise.ca\/en\/projet\/evaluation-de-la-grille-destimation-de-la-dangerosite-du-passage-a-lacte-suicidaire-et-de-la-formation-en-prevention-du-suicide-a-laide-des-bonnes-pratiques-2\/#breadcrumb"},"inLanguage":"en-CA","potentialAction":[{"@type":"ReadAction","target":["https:\/\/crise.ca\/en\/projet\/evaluation-de-la-grille-destimation-de-la-dangerosite-du-passage-a-lacte-suicidaire-et-de-la-formation-en-prevention-du-suicide-a-laide-des-bonnes-pratiques-2\/"]}]},{"@type":"BreadcrumbList","@id":"https:\/\/crise.ca\/en\/projet\/evaluation-de-la-grille-destimation-de-la-dangerosite-du-passage-a-lacte-suicidaire-et-de-la-formation-en-prevention-du-suicide-a-laide-des-bonnes-pratiques-2\/#breadcrumb","itemListElement":[{"@type":"ListItem","position":1,"name":"UQAM","item":"https:\/\/uqam.ca"},{"@type":"ListItem","position":2,"name":"CRISE","item":"https:\/\/crise.ca\/en\/"},{"@type":"ListItem","position":3,"name":"Projets","item":"https:\/\/crise.ca\/projet\/"},{"@type":"ListItem","position":4,"name":"\u00c9valuation de la grille d\u2019estimation de la dangerosit\u00e9 du passage \u00e0 l\u2019acte suicidaire et de la formation en pr\u00e9vention du suicide \u00e0 l\u2019aide des bonnes pratiques"}]},{"@type":"WebSite","@id":"https:\/\/crise.ca\/en\/#website","url":"https:\/\/crise.ca\/en\/","name":"CRISE","description":"Centre de recherche en pr\u00e9vention du suicide situ\u00e9 \u00e0 l&#039;Universit\u00e9 du Qu\u00e9bec \u00e0 Montr\u00e9al","potentialAction":[{"@type":"SearchAction","target":{"@type":"EntryPoint","urlTemplate":"https:\/\/crise.ca\/en\/?s={search_term_string}"},"query-input":{"@type":"PropertyValueSpecification","valueRequired":true,"valueName":"search_term_string"}}],"inLanguage":"en-CA"}]}},"_links":{"self":[{"href":"https:\/\/crise.ca\/en\/wp-json\/wp\/v2\/projet\/2718","targetHints":{"allow":["GET"]}}],"collection":[{"href":"https:\/\/crise.ca\/en\/wp-json\/wp\/v2\/projet"}],"about":[{"href":"https:\/\/crise.ca\/en\/wp-json\/wp\/v2\/types\/projet"}],"wp:attachment":[{"href":"https:\/\/crise.ca\/en\/wp-json\/wp\/v2\/media?parent=2718"}],"wp:term":[{"taxonomy":"axe","embeddable":true,"href":"https:\/\/crise.ca\/en\/wp-json\/wp\/v2\/axe?post=2718"}],"curies":[{"name":"wp","href":"https:\/\/api.w.org\/{rel}","templated":true}]}}

Évaluation de la grille d’estimation de la dangerosité du passage à l’acte suicidaire et de la formation en prévention du suicide à l’aide des bonnes pratiques

<!-- This site is optimized with the Yoast SEO plugin v27.5 - https://yoast.com/product/yoast-seo-wordpress/ -->
<title>Évaluation de la grille d’estimation de la dangerosité du passage à l’acte suicidaire et de la formation en prévention du suicide à l’aide des bonnes pratiques - CRISE - UQAM</title>
<meta name="robots" content="index, follow, max-snippet:-1, max-image-preview:large, max-video-preview:-1" />
<link rel="canonical" href="https://crise.ca/en/projet/evaluation-de-la-grille-destimation-de-la-dangerosite-du-passage-a-lacte-suicidaire-et-de-la-formation-en-prevention-du-suicide-a-laide-des-bonnes-pratiques-2/" />
<meta property="og:locale" content="en_US" />
<meta property="og:type" content="article" />
<meta property="og:title" content="Évaluation de la grille d’estimation de la dangerosité du passage à l’acte suicidaire et de la formation en prévention du suicide à l’aide des bonnes pratiques - CRISE - UQAM" />
<meta property="og:url" content="https://crise.ca/en/projet/evaluation-de-la-grille-destimation-de-la-dangerosite-du-passage-a-lacte-suicidaire-et-de-la-formation-en-prevention-du-suicide-a-laide-des-bonnes-pratiques-2/" />
<meta property="og:site_name" content="CRISE" />
<meta property="article:modified_time" content="2019-11-06T15:28:10+00:00" />
<meta name="twitter:card" content="summary_large_image" />
<script type="application/ld+json" class="yoast-schema-graph">{"@context":"https:\/\/schema.org","@graph":[{"@type":"WebPage","@id":"https:\/\/crise.ca\/en\/projet\/evaluation-de-la-grille-destimation-de-la-dangerosite-du-passage-a-lacte-suicidaire-et-de-la-formation-en-prevention-du-suicide-a-laide-des-bonnes-pratiques-2\/","url":"https:\/\/crise.ca\/en\/projet\/evaluation-de-la-grille-destimation-de-la-dangerosite-du-passage-a-lacte-suicidaire-et-de-la-formation-en-prevention-du-suicide-a-laide-des-bonnes-pratiques-2\/","name":"Évaluation de la grille d’estimation de la dangerosité du passage à l’acte suicidaire et de la formation en prévention du suicide à l’aide des bonnes pratiques - CRISE - UQAM","isPartOf":{"@id":"https:\/\/crise.ca\/en\/#website"},"datePublished":"2019-11-06T15:28:09+00:00","dateModified":"2019-11-06T15:28:10+00:00","breadcrumb":{"@id":"https:\/\/crise.ca\/en\/projet\/evaluation-de-la-grille-destimation-de-la-dangerosite-du-passage-a-lacte-suicidaire-et-de-la-formation-en-prevention-du-suicide-a-laide-des-bonnes-pratiques-2\/#breadcrumb"},"inLanguage":"en-CA","potentialAction":[{"@type":"ReadAction","target":["https:\/\/crise.ca\/en\/projet\/evaluation-de-la-grille-destimation-de-la-dangerosite-du-passage-a-lacte-suicidaire-et-de-la-formation-en-prevention-du-suicide-a-laide-des-bonnes-pratiques-2\/"]}]},{"@type":"BreadcrumbList","@id":"https:\/\/crise.ca\/en\/projet\/evaluation-de-la-grille-destimation-de-la-dangerosite-du-passage-a-lacte-suicidaire-et-de-la-formation-en-prevention-du-suicide-a-laide-des-bonnes-pratiques-2\/#breadcrumb","itemListElement":[{"@type":"ListItem","position":1,"name":"UQAM","item":"https:\/\/uqam.ca"},{"@type":"ListItem","position":2,"name":"CRISE","item":"https:\/\/crise.ca\/en\/"},{"@type":"ListItem","position":3,"name":"Projets","item":"https:\/\/crise.ca\/projet\/"},{"@type":"ListItem","position":4,"name":"Évaluation de la grille d’estimation de la dangerosité du passage à l’acte suicidaire et de la formation en prévention du suicide à l’aide des bonnes pratiques"}]},{"@type":"WebSite","@id":"https:\/\/crise.ca\/en\/#website","url":"https:\/\/crise.ca\/en\/","name":"CRISE","description":"Centre de recherche en prévention du suicide situé à l&#039;Université du Québec à Montréal","potentialAction":[{"@type":"SearchAction","target":{"@type":"EntryPoint","urlTemplate":"https:\/\/crise.ca\/en\/?s={search_term_string}"},"query-input":{"@type":"PropertyValueSpecification","valueRequired":true,"valueName":"search_term_string"}}],"inLanguage":"en-CA"}]}</script>
<!-- / Yoast SEO plugin. -->

Évaluation de la grille d’estimation de la dangerosité du passage à l’acte suicidaire et de la formation en prévention du suicide à l’aide des bonnes pratiques - CRISE - UQAM

Centre de recherche en prévention du suicide situé à l&#039;Université du Québec à Montréal
