{"id":1582,"date":"2019-04-24T16:50:10","date_gmt":"2019-04-24T20:50:10","guid":{"rendered":"https:\/\/wwd-crise.uqam.ca\/?page_id=1582"},"modified":"2019-08-13T14:48:43","modified_gmt":"2019-08-13T18:48:43","slug":"axis-1-suicide-risk-protective-factors-and-resilience","status":"publish","type":"page","link":"https:\/\/crise.ca\/en\/research-areas\/axis-1-suicide-risk-protective-factors-and-resilience\/","title":{"rendered":"Axis 1 \u2013 Suicide risk, protective factors and resilience"},"content":{"rendered":"\n<p>This general research axis concerns the development of knowledge on suicide, its determinants and innovative interventions. An essential part of this is the epidemiology of suicide in Quebec, the identification of vulnerable or at-risk groups and their evolution. Among risk factors, of crucial importance is the development of our understanding of the complex relationship between mental health, life events and suicide, in order to better target prevention and intervention efforts on vulnerable individuals. This research axis also aims at developing our understanding of the factors that reduce suicide risk in people otherwise considered at risk. In a positive psychology perspective focusing on resilience, Axis 1 research aim at informing clinicians, decision-makers and program developers on individual and social protective factors that reduce suicide risk.<\/p>\n\n\n\n<h2 class=\"wp-block-heading\">Principal Investigator<\/h2>\n\n\n\n<ul class=\"wp-block-list\"><li>Brian L. Mishara<\/li><\/ul>\n\n\n\n<p><\/p>\n","protected":false},"excerpt":{"rendered":"<p>This general research axis concerns the development of knowledge on suicide, its determinants and innovative interventions. An essential part of this is the epidemiology of suicide in Quebec, the identification of vulnerable or at-risk groups and their evolution. Among risk factors, of crucial importance is the development of our understanding of the complex relationship between [&hellip;]<\/p>\n","protected":false},"author":1,"featured_media":0,"parent":1579,"menu_order":0,"comment_status":"closed","ping_status":"closed","template":"axes.php","meta":{"_acf_changed":false,"om_disable_all_campaigns":false,"_monsterinsights_skip_tracking":false,"_monsterinsights_sitenote_active":false,"_monsterinsights_sitenote_note":"","_monsterinsights_sitenote_category":0,"_uf_show_specific_survey":0,"_uf_disable_surveys":false,"footnotes":""},"class_list":["post-1582","page","type-page","status-publish","hentry"],"acf":[],"yoast_head":"<!-- This site is optimized with the Yoast SEO plugin v27.4 - https:\/\/yoast.com\/product\/yoast-seo-wordpress\/ -->\n<title>Axis 1 \u2013 Suicide risk, protective factors and resilience - CRISE - UQAM<\/title>\n<meta name=\"robots\" content=\"index, follow, max-snippet:-1, max-image-preview:large, max-video-preview:-1\" \/>\n<link rel=\"canonical\" href=\"https:\/\/crise.ca\/en\/research-areas\/axis-1-suicide-risk-protective-factors-and-resilience\/\" \/>\n<meta property=\"og:locale\" content=\"en_US\" \/>\n<meta property=\"og:type\" content=\"article\" \/>\n<meta property=\"og:title\" content=\"Axis 1 \u2013 Suicide risk, protective factors and resilience - CRISE - UQAM\" \/>\n<meta property=\"og:description\" content=\"This general research axis concerns the development of knowledge on suicide, its determinants and innovative interventions. An essential part of this is the epidemiology of suicide in Quebec, the identification of vulnerable or at-risk groups and their evolution. Among risk factors, of crucial importance is the development of our understanding of the complex relationship between [&hellip;]\" \/>\n<meta property=\"og:url\" content=\"https:\/\/crise.ca\/en\/research-areas\/axis-1-suicide-risk-protective-factors-and-resilience\/\" \/>\n<meta property=\"og:site_name\" content=\"CRISE\" \/>\n<meta property=\"article:modified_time\" content=\"2019-08-13T18:48:43+00:00\" \/>\n<meta name=\"twitter:card\" content=\"summary_large_image\" \/>\n<meta name=\"twitter:label1\" content=\"Est. reading time\" \/>\n\t<meta name=\"twitter:data1\" content=\"1 minute\" \/>\n<script type=\"application\/ld+json\" class=\"yoast-schema-graph\">{\"@context\":\"https:\\\/\\\/schema.org\",\"@graph\":[{\"@type\":\"WebPage\",\"@id\":\"https:\\\/\\\/crise.ca\\\/en\\\/research-areas\\\/axis-1-suicide-risk-protective-factors-and-resilience\\\/\",\"url\":\"https:\\\/\\\/crise.ca\\\/en\\\/research-areas\\\/axis-1-suicide-risk-protective-factors-and-resilience\\\/\",\"name\":\"Axis 1 \u2013 Suicide risk, protective factors and resilience - CRISE - UQAM\",\"isPartOf\":{\"@id\":\"https:\\\/\\\/crise.ca\\\/en\\\/#website\"},\"datePublished\":\"2019-04-24T20:50:10+00:00\",\"dateModified\":\"2019-08-13T18:48:43+00:00\",\"breadcrumb\":{\"@id\":\"https:\\\/\\\/crise.ca\\\/en\\\/research-areas\\\/axis-1-suicide-risk-protective-factors-and-resilience\\\/#breadcrumb\"},\"inLanguage\":\"en-CA\",\"potentialAction\":[{\"@type\":\"ReadAction\",\"target\":[\"https:\\\/\\\/crise.ca\\\/en\\\/research-areas\\\/axis-1-suicide-risk-protective-factors-and-resilience\\\/\"]}]},{\"@type\":\"BreadcrumbList\",\"@id\":\"https:\\\/\\\/crise.ca\\\/en\\\/research-areas\\\/axis-1-suicide-risk-protective-factors-and-resilience\\\/#breadcrumb\",\"itemListElement\":[{\"@type\":\"ListItem\",\"position\":1,\"name\":\"UQAM\",\"item\":\"https:\\\/\\\/uqam.ca\"},{\"@type\":\"ListItem\",\"position\":2,\"name\":\"CRISE\",\"item\":\"https:\\\/\\\/crise.ca\\\/en\\\/\"},{\"@type\":\"ListItem\",\"position\":3,\"name\":\"Research Areas\",\"item\":\"https:\\\/\\\/crise.ca\\\/en\\\/research-areas\\\/\"},{\"@type\":\"ListItem\",\"position\":4,\"name\":\"Axis 1 \u2013 Suicide risk, protective factors and resilience\"}]},{\"@type\":\"WebSite\",\"@id\":\"https:\\\/\\\/crise.ca\\\/en\\\/#website\",\"url\":\"https:\\\/\\\/crise.ca\\\/en\\\/\",\"name\":\"CRISE\",\"description\":\"Centre de recherche en pr\u00e9vention du suicide situ\u00e9 \u00e0 l&#039;Universit\u00e9 du Qu\u00e9bec \u00e0 Montr\u00e9al\",\"potentialAction\":[{\"@type\":\"SearchAction\",\"target\":{\"@type\":\"EntryPoint\",\"urlTemplate\":\"https:\\\/\\\/crise.ca\\\/en\\\/?s={search_term_string}\"},\"query-input\":{\"@type\":\"PropertyValueSpecification\",\"valueRequired\":true,\"valueName\":\"search_term_string\"}}],\"inLanguage\":\"en-CA\"}]}<\/script>\n<!-- \/ Yoast SEO plugin. -->","yoast_head_json":{"title":"Axis 1 \u2013 Suicide risk, protective factors and resilience - CRISE - UQAM","robots":{"index":"index","follow":"follow","max-snippet":"max-snippet:-1","max-image-preview":"max-image-preview:large","max-video-preview":"max-video-preview:-1"},"canonical":"https:\/\/crise.ca\/en\/research-areas\/axis-1-suicide-risk-protective-factors-and-resilience\/","og_locale":"en_US","og_type":"article","og_title":"Axis 1 \u2013 Suicide risk, protective factors and resilience - CRISE - UQAM","og_description":"This general research axis concerns the development of knowledge on suicide, its determinants and innovative interventions. An essential part of this is the epidemiology of suicide in Quebec, the identification of vulnerable or at-risk groups and their evolution. Among risk factors, of crucial importance is the development of our understanding of the complex relationship between [&hellip;]","og_url":"https:\/\/crise.ca\/en\/research-areas\/axis-1-suicide-risk-protective-factors-and-resilience\/","og_site_name":"CRISE","article_modified_time":"2019-08-13T18:48:43+00:00","twitter_card":"summary_large_image","twitter_misc":{"Est. reading time":"1 minute"},"schema":{"@context":"https:\/\/schema.org","@graph":[{"@type":"WebPage","@id":"https:\/\/crise.ca\/en\/research-areas\/axis-1-suicide-risk-protective-factors-and-resilience\/","url":"https:\/\/crise.ca\/en\/research-areas\/axis-1-suicide-risk-protective-factors-and-resilience\/","name":"Axis 1 \u2013 Suicide risk, protective factors and resilience - CRISE - UQAM","isPartOf":{"@id":"https:\/\/crise.ca\/en\/#website"},"datePublished":"2019-04-24T20:50:10+00:00","dateModified":"2019-08-13T18:48:43+00:00","breadcrumb":{"@id":"https:\/\/crise.ca\/en\/research-areas\/axis-1-suicide-risk-protective-factors-and-resilience\/#breadcrumb"},"inLanguage":"en-CA","potentialAction":[{"@type":"ReadAction","target":["https:\/\/crise.ca\/en\/research-areas\/axis-1-suicide-risk-protective-factors-and-resilience\/"]}]},{"@type":"BreadcrumbList","@id":"https:\/\/crise.ca\/en\/research-areas\/axis-1-suicide-risk-protective-factors-and-resilience\/#breadcrumb","itemListElement":[{"@type":"ListItem","position":1,"name":"UQAM","item":"https:\/\/uqam.ca"},{"@type":"ListItem","position":2,"name":"CRISE","item":"https:\/\/crise.ca\/en\/"},{"@type":"ListItem","position":3,"name":"Research Areas","item":"https:\/\/crise.ca\/en\/research-areas\/"},{"@type":"ListItem","position":4,"name":"Axis 1 \u2013 Suicide risk, protective factors and resilience"}]},{"@type":"WebSite","@id":"https:\/\/crise.ca\/en\/#website","url":"https:\/\/crise.ca\/en\/","name":"CRISE","description":"Centre de recherche en pr\u00e9vention du suicide situ\u00e9 \u00e0 l&#039;Universit\u00e9 du Qu\u00e9bec \u00e0 Montr\u00e9al","potentialAction":[{"@type":"SearchAction","target":{"@type":"EntryPoint","urlTemplate":"https:\/\/crise.ca\/en\/?s={search_term_string}"},"query-input":{"@type":"PropertyValueSpecification","valueRequired":true,"valueName":"search_term_string"}}],"inLanguage":"en-CA"}]}},"_links":{"self":[{"href":"https:\/\/crise.ca\/en\/wp-json\/wp\/v2\/pages\/1582","targetHints":{"allow":["GET"]}}],"collection":[{"href":"https:\/\/crise.ca\/en\/wp-json\/wp\/v2\/pages"}],"about":[{"href":"https:\/\/crise.ca\/en\/wp-json\/wp\/v2\/types\/page"}],"author":[{"embeddable":true,"href":"https:\/\/crise.ca\/en\/wp-json\/wp\/v2\/users\/1"}],"replies":[{"embeddable":true,"href":"https:\/\/crise.ca\/en\/wp-json\/wp\/v2\/comments?post=1582"}],"version-history":[{"count":4,"href":"https:\/\/crise.ca\/en\/wp-json\/wp\/v2\/pages\/1582\/revisions"}],"predecessor-version":[{"id":1822,"href":"https:\/\/crise.ca\/en\/wp-json\/wp\/v2\/pages\/1582\/revisions\/1822"}],"up":[{"embeddable":true,"href":"https:\/\/crise.ca\/en\/wp-json\/wp\/v2\/pages\/1579"}],"wp:attachment":[{"href":"https:\/\/crise.ca\/en\/wp-json\/wp\/v2\/media?parent=1582"}],"curies":[{"name":"wp","href":"https:\/\/api.w.org\/{rel}","templated":true}]}}

<!-- This site is optimized with the Yoast SEO plugin v27.4 - https://yoast.com/product/yoast-seo-wordpress/ -->
<title>Axis 1 – Suicide risk, protective factors and resilience - CRISE - UQAM</title>
<meta name="robots" content="index, follow, max-snippet:-1, max-image-preview:large, max-video-preview:-1" />
<link rel="canonical" href="https://crise.ca/en/research-areas/axis-1-suicide-risk-protective-factors-and-resilience/" />
<meta property="og:locale" content="en_US" />
<meta property="og:type" content="article" />
<meta property="og:title" content="Axis 1 – Suicide risk, protective factors and resilience - CRISE - UQAM" />
<meta property="og:description" content="This general research axis concerns the development of knowledge on suicide, its determinants and innovative interventions. An essential part of this is the epidemiology of suicide in Quebec, the identification of vulnerable or at-risk groups and their evolution. Among risk factors, of crucial importance is the development of our understanding of the complex relationship between [&hellip;]" />
<meta property="og:url" content="https://crise.ca/en/research-areas/axis-1-suicide-risk-protective-factors-and-resilience/" />
<meta property="og:site_name" content="CRISE" />
<meta property="article:modified_time" content="2019-08-13T18:48:43+00:00" />
<meta name="twitter:card" content="summary_large_image" />
<meta name="twitter:label1" content="Est. reading time" />
	<meta name="twitter:data1" content="1 minute" />
<script type="application/ld+json" class="yoast-schema-graph">{"@context":"https:\/\/schema.org","@graph":[{"@type":"WebPage","@id":"https:\/\/crise.ca\/en\/research-areas\/axis-1-suicide-risk-protective-factors-and-resilience\/","url":"https:\/\/crise.ca\/en\/research-areas\/axis-1-suicide-risk-protective-factors-and-resilience\/","name":"Axis 1 – Suicide risk, protective factors and resilience - CRISE - UQAM","isPartOf":{"@id":"https:\/\/crise.ca\/en\/#website"},"datePublished":"2019-04-24T20:50:10+00:00","dateModified":"2019-08-13T18:48:43+00:00","breadcrumb":{"@id":"https:\/\/crise.ca\/en\/research-areas\/axis-1-suicide-risk-protective-factors-and-resilience\/#breadcrumb"},"inLanguage":"en-CA","potentialAction":[{"@type":"ReadAction","target":["https:\/\/crise.ca\/en\/research-areas\/axis-1-suicide-risk-protective-factors-and-resilience\/"]}]},{"@type":"BreadcrumbList","@id":"https:\/\/crise.ca\/en\/research-areas\/axis-1-suicide-risk-protective-factors-and-resilience\/#breadcrumb","itemListElement":[{"@type":"ListItem","position":1,"name":"UQAM","item":"https:\/\/uqam.ca"},{"@type":"ListItem","position":2,"name":"CRISE","item":"https:\/\/crise.ca\/en\/"},{"@type":"ListItem","position":3,"name":"Research Areas","item":"https:\/\/crise.ca\/en\/research-areas\/"},{"@type":"ListItem","position":4,"name":"Axis 1 – Suicide risk, protective factors and resilience"}]},{"@type":"WebSite","@id":"https:\/\/crise.ca\/en\/#website","url":"https:\/\/crise.ca\/en\/","name":"CRISE","description":"Centre de recherche en prévention du suicide situé à l&#039;Université du Québec à Montréal","potentialAction":[{"@type":"SearchAction","target":{"@type":"EntryPoint","urlTemplate":"https:\/\/crise.ca\/en\/?s={search_term_string}"},"query-input":{"@type":"PropertyValueSpecification","valueRequired":true,"valueName":"search_term_string"}}],"inLanguage":"en-CA"}]}</script>
<!-- / Yoast SEO plugin. -->

Centre de recherche en prévention du suicide situé à l&#039;Université du Québec à Montréal
