{"id":596,"date":"2019-04-05T10:51:35","date_gmt":"2019-04-05T14:51:35","guid":{"rendered":"https:\/\/wwd-crise.uqam.ca\/?post_type=membre&#038;p=596"},"modified":"2023-07-19T11:56:04","modified_gmt":"2023-07-19T15:56:04","slug":"brian-greenfield","status":"publish","type":"membre","link":"https:\/\/crise.ca\/en\/membre\/brian-greenfield\/","title":{"rendered":"Brian Greenfield"},"featured_media":0,"comment_status":"closed","ping_status":"closed","template":"","meta":{"_acf_changed":false,"om_disable_all_campaigns":false,"_monsterinsights_skip_tracking":false,"_monsterinsights_sitenote_active":false,"_monsterinsights_sitenote_note":"","_monsterinsights_sitenote_category":0,"_uf_show_specific_survey":0,"_uf_disable_surveys":false},"class_list":["post-596","membre","type-membre","status-publish","hentry","type_membre-chercheurs-en"],"acf":[],"yoast_head":"<!-- This site is optimized with the Yoast SEO plugin v27.5 - https:\/\/yoast.com\/product\/yoast-seo-wordpress\/ -->\n<title>Brian Greenfield - CRISE - UQAM<\/title>\n<meta name=\"robots\" content=\"index, follow, max-snippet:-1, max-image-preview:large, max-video-preview:-1\" \/>\n<link rel=\"canonical\" href=\"https:\/\/crise.ca\/en\/membre\/brian-greenfield\/\" \/>\n<meta property=\"og:locale\" content=\"en_US\" \/>\n<meta property=\"og:type\" content=\"article\" \/>\n<meta property=\"og:title\" content=\"Brian Greenfield - CRISE - UQAM\" \/>\n<meta property=\"og:url\" content=\"https:\/\/crise.ca\/en\/membre\/brian-greenfield\/\" \/>\n<meta property=\"og:site_name\" content=\"CRISE\" \/>\n<meta property=\"article:modified_time\" content=\"2023-07-19T15:56:04+00:00\" \/>\n<meta name=\"twitter:card\" content=\"summary_large_image\" \/>\n<script type=\"application\/ld+json\" class=\"yoast-schema-graph\">{\"@context\":\"https:\\\/\\\/schema.org\",\"@graph\":[{\"@type\":\"WebPage\",\"@id\":\"https:\\\/\\\/crise.ca\\\/en\\\/membre\\\/brian-greenfield\\\/\",\"url\":\"https:\\\/\\\/crise.ca\\\/en\\\/membre\\\/brian-greenfield\\\/\",\"name\":\"Brian Greenfield - CRISE - UQAM\",\"isPartOf\":{\"@id\":\"https:\\\/\\\/crise.ca\\\/en\\\/#website\"},\"datePublished\":\"2019-04-05T14:51:35+00:00\",\"dateModified\":\"2023-07-19T15:56:04+00:00\",\"breadcrumb\":{\"@id\":\"https:\\\/\\\/crise.ca\\\/en\\\/membre\\\/brian-greenfield\\\/#breadcrumb\"},\"inLanguage\":\"en-CA\",\"potentialAction\":[{\"@type\":\"ReadAction\",\"target\":[\"https:\\\/\\\/crise.ca\\\/en\\\/membre\\\/brian-greenfield\\\/\"]}]},{\"@type\":\"BreadcrumbList\",\"@id\":\"https:\\\/\\\/crise.ca\\\/en\\\/membre\\\/brian-greenfield\\\/#breadcrumb\",\"itemListElement\":[{\"@type\":\"ListItem\",\"position\":1,\"name\":\"UQAM\",\"item\":\"https:\\\/\\\/uqam.ca\"},{\"@type\":\"ListItem\",\"position\":2,\"name\":\"CRISE\",\"item\":\"https:\\\/\\\/crise.ca\\\/en\\\/\"},{\"@type\":\"ListItem\",\"position\":3,\"name\":\"Members\",\"item\":\"https:\\\/\\\/crise.ca\\\/en\\\/membre\\\/\"},{\"@type\":\"ListItem\",\"position\":4,\"name\":\"Brian Greenfield\"}]},{\"@type\":\"WebSite\",\"@id\":\"https:\\\/\\\/crise.ca\\\/en\\\/#website\",\"url\":\"https:\\\/\\\/crise.ca\\\/en\\\/\",\"name\":\"CRISE\",\"description\":\"Centre de recherche en pr\u00e9vention du suicide situ\u00e9 \u00e0 l&#039;Universit\u00e9 du Qu\u00e9bec \u00e0 Montr\u00e9al\",\"potentialAction\":[{\"@type\":\"SearchAction\",\"target\":{\"@type\":\"EntryPoint\",\"urlTemplate\":\"https:\\\/\\\/crise.ca\\\/en\\\/?s={search_term_string}\"},\"query-input\":{\"@type\":\"PropertyValueSpecification\",\"valueRequired\":true,\"valueName\":\"search_term_string\"}}],\"inLanguage\":\"en-CA\"}]}<\/script>\n<!-- \/ Yoast SEO plugin. -->","yoast_head_json":{"title":"Brian Greenfield - CRISE - UQAM","robots":{"index":"index","follow":"follow","max-snippet":"max-snippet:-1","max-image-preview":"max-image-preview:large","max-video-preview":"max-video-preview:-1"},"canonical":"https:\/\/crise.ca\/en\/membre\/brian-greenfield\/","og_locale":"en_US","og_type":"article","og_title":"Brian Greenfield - CRISE - UQAM","og_url":"https:\/\/crise.ca\/en\/membre\/brian-greenfield\/","og_site_name":"CRISE","article_modified_time":"2023-07-19T15:56:04+00:00","twitter_card":"summary_large_image","schema":{"@context":"https:\/\/schema.org","@graph":[{"@type":"WebPage","@id":"https:\/\/crise.ca\/en\/membre\/brian-greenfield\/","url":"https:\/\/crise.ca\/en\/membre\/brian-greenfield\/","name":"Brian Greenfield - CRISE - UQAM","isPartOf":{"@id":"https:\/\/crise.ca\/en\/#website"},"datePublished":"2019-04-05T14:51:35+00:00","dateModified":"2023-07-19T15:56:04+00:00","breadcrumb":{"@id":"https:\/\/crise.ca\/en\/membre\/brian-greenfield\/#breadcrumb"},"inLanguage":"en-CA","potentialAction":[{"@type":"ReadAction","target":["https:\/\/crise.ca\/en\/membre\/brian-greenfield\/"]}]},{"@type":"BreadcrumbList","@id":"https:\/\/crise.ca\/en\/membre\/brian-greenfield\/#breadcrumb","itemListElement":[{"@type":"ListItem","position":1,"name":"UQAM","item":"https:\/\/uqam.ca"},{"@type":"ListItem","position":2,"name":"CRISE","item":"https:\/\/crise.ca\/en\/"},{"@type":"ListItem","position":3,"name":"Members","item":"https:\/\/crise.ca\/en\/membre\/"},{"@type":"ListItem","position":4,"name":"Brian Greenfield"}]},{"@type":"WebSite","@id":"https:\/\/crise.ca\/en\/#website","url":"https:\/\/crise.ca\/en\/","name":"CRISE","description":"Centre de recherche en pr\u00e9vention du suicide situ\u00e9 \u00e0 l&#039;Universit\u00e9 du Qu\u00e9bec \u00e0 Montr\u00e9al","potentialAction":[{"@type":"SearchAction","target":{"@type":"EntryPoint","urlTemplate":"https:\/\/crise.ca\/en\/?s={search_term_string}"},"query-input":{"@type":"PropertyValueSpecification","valueRequired":true,"valueName":"search_term_string"}}],"inLanguage":"en-CA"}]}},"_links":{"self":[{"href":"https:\/\/crise.ca\/en\/wp-json\/wp\/v2\/membre\/596","targetHints":{"allow":["GET"]}}],"collection":[{"href":"https:\/\/crise.ca\/en\/wp-json\/wp\/v2\/membre"}],"about":[{"href":"https:\/\/crise.ca\/en\/wp-json\/wp\/v2\/types\/membre"}],"replies":[{"embeddable":true,"href":"https:\/\/crise.ca\/en\/wp-json\/wp\/v2\/comments?post=596"}],"version-history":[{"count":4,"href":"https:\/\/crise.ca\/en\/wp-json\/wp\/v2\/membre\/596\/revisions"}],"predecessor-version":[{"id":7209,"href":"https:\/\/crise.ca\/en\/wp-json\/wp\/v2\/membre\/596\/revisions\/7209"}],"wp:attachment":[{"href":"https:\/\/crise.ca\/en\/wp-json\/wp\/v2\/media?parent=596"}],"curies":[{"name":"wp","href":"https:\/\/api.w.org\/{rel}","templated":true}]}}

<!-- This site is optimized with the Yoast SEO plugin v27.5 - https://yoast.com/product/yoast-seo-wordpress/ -->
<title>Brian Greenfield - CRISE - UQAM</title>
<meta name="robots" content="index, follow, max-snippet:-1, max-image-preview:large, max-video-preview:-1" />
<link rel="canonical" href="https://crise.ca/en/membre/brian-greenfield/" />
<meta property="og:locale" content="en_US" />
<meta property="og:type" content="article" />
<meta property="og:title" content="Brian Greenfield - CRISE - UQAM" />
<meta property="og:url" content="https://crise.ca/en/membre/brian-greenfield/" />
<meta property="og:site_name" content="CRISE" />
<meta property="article:modified_time" content="2023-07-19T15:56:04+00:00" />
<meta name="twitter:card" content="summary_large_image" />
<script type="application/ld+json" class="yoast-schema-graph">{"@context":"https:\/\/schema.org","@graph":[{"@type":"WebPage","@id":"https:\/\/crise.ca\/en\/membre\/brian-greenfield\/","url":"https:\/\/crise.ca\/en\/membre\/brian-greenfield\/","name":"Brian Greenfield - CRISE - UQAM","isPartOf":{"@id":"https:\/\/crise.ca\/en\/#website"},"datePublished":"2019-04-05T14:51:35+00:00","dateModified":"2023-07-19T15:56:04+00:00","breadcrumb":{"@id":"https:\/\/crise.ca\/en\/membre\/brian-greenfield\/#breadcrumb"},"inLanguage":"en-CA","potentialAction":[{"@type":"ReadAction","target":["https:\/\/crise.ca\/en\/membre\/brian-greenfield\/"]}]},{"@type":"BreadcrumbList","@id":"https:\/\/crise.ca\/en\/membre\/brian-greenfield\/#breadcrumb","itemListElement":[{"@type":"ListItem","position":1,"name":"UQAM","item":"https:\/\/uqam.ca"},{"@type":"ListItem","position":2,"name":"CRISE","item":"https:\/\/crise.ca\/en\/"},{"@type":"ListItem","position":3,"name":"Members","item":"https:\/\/crise.ca\/en\/membre\/"},{"@type":"ListItem","position":4,"name":"Brian Greenfield"}]},{"@type":"WebSite","@id":"https:\/\/crise.ca\/en\/#website","url":"https:\/\/crise.ca\/en\/","name":"CRISE","description":"Centre de recherche en prévention du suicide situé à l&#039;Université du Québec à Montréal","potentialAction":[{"@type":"SearchAction","target":{"@type":"EntryPoint","urlTemplate":"https:\/\/crise.ca\/en\/?s={search_term_string}"},"query-input":{"@type":"PropertyValueSpecification","valueRequired":true,"valueName":"search_term_string"}}],"inLanguage":"en-CA"}]}</script>
<!-- / Yoast SEO plugin. -->

Centre de recherche en prévention du suicide situé à l&#039;Université du Québec à Montréal
